{"version":"1.0","provider_name":"ASEZ","provider_url":"https:\/\/asez.org\/es\/","author_name":"jy","author_url":"https:\/\/asez.org\/es\/author\/kd8542\/","title":"Campa\u00f1a conmemorativa del D\u00eda Internacional de la No Violencia: La palabra es m\u00e1s poderosa que la espada - ASEZ","type":"rich","width":600,"height":338,"html":"<blockquote class=\"wp-embedded-content\" data-secret=\"02c3XaFSaF\"><a href=\"https:\/\/asez.org\/es\/non-violence-words-stronger\/\">Campa\u00f1a conmemorativa del D\u00eda Internacional de la No Violencia: La palabra es m\u00e1s poderosa que la espada<\/a><\/blockquote><iframe sandbox=\"allow-scripts\" security=\"restricted\" src=\"https:\/\/asez.org\/es\/non-violence-words-stronger\/embed\/#?secret=02c3XaFSaF\" width=\"600\" height=\"338\" title=\"\u00abCampa\u00f1a conmemorativa del D\u00eda Internacional de la No Violencia: La palabra es m\u00e1s poderosa que la espada\u00bb \u2014 ASEZ\" data-secret=\"02c3XaFSaF\" frameborder=\"0\" marginwidth=\"0\" marginheight=\"0\" scrolling=\"no\" class=\"wp-embedded-content\"><\/iframe><script type=\"text\/javascript\">\n\/* <![CDATA[ *\/\n\/*! This file is auto-generated *\/\n!function(d,l){\"use strict\";l.querySelector&&d.addEventListener&&\"undefined\"!=typeof URL&&(d.wp=d.wp||{},d.wp.receiveEmbedMessage||(d.wp.receiveEmbedMessage=function(e){var t=e.data;if((t||t.secret||t.message||t.value)&&!\/[^a-zA-Z0-9]\/.test(t.secret)){for(var s,r,n,a=l.querySelectorAll('iframe[data-secret=\"'+t.secret+'\"]'),o=l.querySelectorAll('blockquote[data-secret=\"'+t.secret+'\"]'),c=new RegExp(\"^https?:$\",\"i\"),i=0;i<o.length;i++)o[i].style.display=\"none\";for(i=0;i<a.length;i++)s=a[i],e.source===s.contentWindow&&(s.removeAttribute(\"style\"),\"height\"===t.message?(1e3<(r=parseInt(t.value,10))?r=1e3:~~r<200&&(r=200),s.height=r):\"link\"===t.message&&(r=new URL(s.getAttribute(\"src\")),n=new URL(t.value),c.test(n.protocol))&&n.host===r.host&&l.activeElement===s&&(d.top.location.href=t.value))}},d.addEventListener(\"message\",d.wp.receiveEmbedMessage,!1),l.addEventListener(\"DOMContentLoaded\",function(){for(var e,t,s=l.querySelectorAll(\"iframe.wp-embedded-content\"),r=0;r<s.length;r++)(t=(e=s[r]).getAttribute(\"data-secret\"))||(t=Math.random().toString(36).substring(2,12),e.src+=\"#?secret=\"+t,e.setAttribute(\"data-secret\",t)),e.contentWindow.postMessage({message:\"ready\",secret:t},\"*\")},!1)))}(window,document);\n\/\/# sourceURL=https:\/\/asez.org\/wp-includes\/js\/wp-embed.min.js\n\/* ]]> *\/\n<\/script>\n","thumbnail_url":"https:\/\/asez.org\/wp-content\/uploads\/2020\/10\/news_201002_01_thum.jpg","thumbnail_width":1200,"thumbnail_height":674,"description":"Proclamaci\u00f3n del D\u00eda Internacional de la No Violencia Cada a\u00f1o, el 2 de octubre se celebra el D\u00eda Internacional de la No Violencia. Esta fecha fue proclamada el 15 de junio de 2007 en la sede de las Naciones Unidas en Nueva York, con el objetivo de honrar la contribuci\u00f3n de Gandhi al movimiento de..."}

Campaña conmemorativa del Día Internacional de la No Violencia: La palabra es más poderosa que la espada - ASEZ

<blockquote class="wp-embedded-content" data-secret="02c3XaFSaF"><a href="https://asez.org/es/non-violence-words-stronger/">Campaña conmemorativa del Día Internacional de la No Violencia: La palabra es más poderosa que la espada</a></blockquote><iframe sandbox="allow-scripts" security="restricted" src="https://asez.org/es/non-violence-words-stronger/embed/#?secret=02c3XaFSaF" width="600" height="338" title="«Campaña conmemorativa del Día Internacional de la No Violencia: La palabra es más poderosa que la espada» — ASEZ" data-secret="02c3XaFSaF" frameborder="0" marginwidth="0" marginheight="0" scrolling="no" class="wp-embedded-content"></iframe><script type="text/javascript">
/* <![CDATA[ */
/*! This file is auto-generated */
!function(d,l){"use strict";l.querySelector&&d.addEventListener&&"undefined"!=typeof URL&&(d.wp=d.wp||{},d.wp.receiveEmbedMessage||(d.wp.receiveEmbedMessage=function(e){var t=e.data;if((t||t.secret||t.message||t.value)&&!/[^a-zA-Z0-9]/.test(t.secret)){for(var s,r,n,a=l.querySelectorAll('iframe[data-secret="'+t.secret+'"]'),o=l.querySelectorAll('blockquote[data-secret="'+t.secret+'"]'),c=new RegExp("^https?:$","i"),i=0;i<o.length;i++)o[i].style.display="none";for(i=0;i<a.length;i++)s=a[i],e.source===s.contentWindow&&(s.removeAttribute("style"),"height"===t.message?(1e3<(r=parseInt(t.value,10))?r=1e3:~~r<200&&(r=200),s.height=r):"link"===t.message&&(r=new URL(s.getAttribute("src")),n=new URL(t.value),c.test(n.protocol))&&n.host===r.host&&l.activeElement===s&&(d.top.location.href=t.value))}},d.addEventListener("message",d.wp.receiveEmbedMessage,!1),l.addEventListener("DOMContentLoaded",function(){for(var e,t,s=l.querySelectorAll("iframe.wp-embedded-content"),r=0;r<s.length;r++)(t=(e=s[r]).getAttribute("data-secret"))||(t=Math.random().toString(36).substring(2,12),e.src+="#?secret="+t,e.setAttribute("data-secret",t)),e.contentWindow.postMessage({message:"ready",secret:t},"*")},!1)))}(window,document);
//# sourceURL=https://asez.org/wp-includes/js/wp-embed.min.js
/* ]]> */
</script>

Proclamación del Día Internacional de la No Violencia Cada año, el 2 de octubre se celebra el Día Internacional de la No Violencia. Esta fecha fue proclamada el 15 de junio de 2007 en la sede de las Naciones Unidas en Nueva York, con el objetivo de honrar la contribución de Gandhi al movimiento de...
